{"version":"1.0","provider_name":"Blog Bonsai Colmenar","provider_url":"https:\/\/bonsaicolmenar.com\/blog","author_name":"Carlos Lazaro","author_url":"https:\/\/bonsaicolmenar.com\/blog\/author\/admin\/","title":"Llega El Verano, tomemos precauciones con nuestros bons\u00e1is. - Blog Bonsai Colmenar","type":"rich","width":600,"height":338,"html":"<blockquote class=\"wp-embedded-content\"><a href=\"https:\/\/bonsaicolmenar.com\/blog\/llega-el-verano-tomemos-precauciones-con-nuestros-bonsais\/\">Llega El Verano, tomemos precauciones con nuestros bons\u00e1is.<\/a><\/blockquote>\n<script type='text\/javascript'>\n<!--\/\/--><![CDATA[\/\/><!--\n\t\t\/*! This file is auto-generated *\/\n\t\t!function(c,d){\"use strict\";var e=!1,n=!1;if(d.querySelector)if(c.addEventListener)e=!0;if(c.wp=c.wp||{},!c.wp.receiveEmbedMessage)if(c.wp.receiveEmbedMessage=function(e){var t=e.data;if(t)if(t.secret||t.message||t.value)if(!\/[^a-zA-Z0-9]\/.test(t.secret)){for(var r,a,i,s=d.querySelectorAll('iframe[data-secret=\"'+t.secret+'\"]'),n=d.querySelectorAll('blockquote[data-secret=\"'+t.secret+'\"]'),o=0;o<n.length;o++)n[o].style.display=\"none\";for(o=0;o<s.length;o++)if(r=s[o],e.source===r.contentWindow){if(r.removeAttribute(\"style\"),\"height\"===t.message){if(1e3<(i=parseInt(t.value,10)))i=1e3;else if(~~i<200)i=200;r.height=i}if(\"link\"===t.message)if(a=d.createElement(\"a\"),i=d.createElement(\"a\"),a.href=r.getAttribute(\"src\"),i.href=t.value,i.host===a.host)if(d.activeElement===r)c.top.location.href=t.value}}},e)c.addEventListener(\"message\",c.wp.receiveEmbedMessage,!1),d.addEventListener(\"DOMContentLoaded\",t,!1),c.addEventListener(\"load\",t,!1);function t(){if(!n){n=!0;for(var e,t,r=-1!==navigator.appVersion.indexOf(\"MSIE 10\"),a=!!navigator.userAgent.match(\/Trident.*rv:11\\.\/),i=d.querySelectorAll(\"iframe.wp-embedded-content\"),s=0;s<i.length;s++){if(!(e=i[s]).getAttribute(\"data-secret\"))t=Math.random().toString(36).substr(2,10),e.src+=\"#?secret=\"+t,e.setAttribute(\"data-secret\",t);if(r||a)(t=e.cloneNode(!0)).removeAttribute(\"security\"),e.parentNode.replaceChild(t,e)}}}}(window,document);\n\/\/--><!]]>\n<\/script><iframe sandbox=\"allow-scripts\" security=\"restricted\" src=\"https:\/\/bonsaicolmenar.com\/blog\/llega-el-verano-tomemos-precauciones-con-nuestros-bonsais\/embed\/\" width=\"600\" height=\"338\" title=\"\u00abLlega El Verano, tomemos precauciones con nuestros bons\u00e1is.\u00bb \u2014 Blog Bonsai Colmenar\" frameborder=\"0\" marginwidth=\"0\" marginheight=\"0\" scrolling=\"no\" class=\"wp-embedded-content\"><\/iframe>","thumbnail_url":"http:\/\/bonsaicolmenar.com\/blog\/wp-content\/uploads\/2016\/06\/IMG_0097-min.jpg","thumbnail_width":4312,"thumbnail_height":2780,"description":"Especies que integran nuestra colecci\u00f3n de Bons\u00e1i, momento de formaci\u00f3n de los mismos, lugar de cultivo, tipo de sustrato, tama\u00f1o de la maceta, etc., son siempre aspectos que nos deben de preocupar a la hora de cultivar. Todos ellos alcanzan una especial significaci\u00f3n en una estaci\u00f3n que puede ser complicada para los aficionados con menos [&hellip;]"}

Llega El Verano, tomemos precauciones con nuestros bonsáis. - Blog Bonsai Colmenar

<blockquote class="wp-embedded-content"><a href="https://bonsaicolmenar.com/blog/llega-el-verano-tomemos-precauciones-con-nuestros-bonsais/">Llega El Verano, tomemos precauciones con nuestros bonsáis.</a></blockquote>
<script type='text/javascript'>
<!--//--><![CDATA[//><!--
		/*! This file is auto-generated */
		!function(c,d){"use strict";var e=!1,n=!1;if(d.querySelector)if(c.addEventListener)e=!0;if(c.wp=c.wp||{},!c.wp.receiveEmbedMessage)if(c.wp.receiveEmbedMessage=function(e){var t=e.data;if(t)if(t.secret||t.message||t.value)if(!/[^a-zA-Z0-9]/.test(t.secret)){for(var r,a,i,s=d.querySelectorAll('iframe[data-secret="'+t.secret+'"]'),n=d.querySelectorAll('blockquote[data-secret="'+t.secret+'"]'),o=0;o<n.length;o++)n[o].style.display="none";for(o=0;o<s.length;o++)if(r=s[o],e.source===r.contentWindow){if(r.removeAttribute("style"),"height"===t.message){if(1e3<(i=parseInt(t.value,10)))i=1e3;else if(~~i<200)i=200;r.height=i}if("link"===t.message)if(a=d.createElement("a"),i=d.createElement("a"),a.href=r.getAttribute("src"),i.href=t.value,i.host===a.host)if(d.activeElement===r)c.top.location.href=t.value}}},e)c.addEventListener("message",c.wp.receiveEmbedMessage,!1),d.addEventListener("DOMContentLoaded",t,!1),c.addEventListener("load",t,!1);function t(){if(!n){n=!0;for(var e,t,r=-1!==navigator.appVersion.indexOf("MSIE 10"),a=!!navigator.userAgent.match(/Trident.*rv:11\./),i=d.querySelectorAll("iframe.wp-embedded-content"),s=0;s<i.length;s++){if(!(e=i[s]).getAttribute("data-secret"))t=Math.random().toString(36).substr(2,10),e.src+="#?secret="+t,e.setAttribute("data-secret",t);if(r||a)(t=e.cloneNode(!0)).removeAttribute("security"),e.parentNode.replaceChild(t,e)}}}}(window,document);
//--><!]]>
</script><iframe sandbox="allow-scripts" security="restricted" src="https://bonsaicolmenar.com/blog/llega-el-verano-tomemos-precauciones-con-nuestros-bonsais/embed/" width="600" height="338" title="«Llega El Verano, tomemos precauciones con nuestros bonsáis.» — Blog Bonsai Colmenar" frameborder="0" marginwidth="0" marginheight="0" scrolling="no" class="wp-embedded-content"></iframe>

Especies que integran nuestra colección de Bonsái, momento de formación de los mismos, lugar de cultivo, tipo de sustrato, tamaño de la maceta, etc., son siempre aspectos que nos deben de preocupar a la hora de cultivar. Todos ellos alcanzan una especial significación en una estación que puede ser complicada para los aficionados con menos [&hellip;]
